ase 11) in base 4?
323
What is -2 (base 14) in base 6?
-2
-74 (base 11) to base 8
-121
-1 (base 10) to base 13
-1
What is 54 (base 11) in base 12?
4b
What is -2 (base 4) in base 12?
-2
-50 (base 10) to base 16
-32
What is -4 (base 14) in base 4?
-10
What is 20 (base 4) in base 3?
22
1212 (base 5) to base 11
156
16 (base 10) to base 3
121
What is -2 (base 15) in base 4?
-2
Convert 63 (base 13) to base 16.
51
Convert 116 (base 13) to base 2.
10111100
What is -5 (base 14) in base 4?
-11
-80 (base 9) to base 15
-4c
What is -3 (base 10) in base 16?
-3
What is -7 (base 14) in base 5?
-12
What is 16 (base 11) in base 2?
10001
Convert -11100001 (base 2) to base 15.
-100
Convert 5 (base 6) to base 5.
10
Convert -20 (base 12) to base 16.
-18
16 (base 14) to base 6
32
-8 (base 14) to base 13
-8
Convert 31 (base 12) to base 5.
122
What is 13 (base 12) in base 10?
15
Convert -5c (base 15) to base 2.
-1010111
Convert 2 (base 5) to base 14.
2
Convert -111 (base 8) to base 5.
-243
Convert 8 (base 10) to base 6.
12
What is 17 (base 9) in base 15?
11
What is 1301 (base 4) in base 12?
95
2 (base 7) to base 6
2
Convert -5 (base 15) to base 16.
-5
Convert -15 (base 13) to base 2.
-10010
What is 4 (base 8) in base 16?
4
111 (base 2) to base 10
7
What is 240 (base 5) in base 13?
55
What is -160 (base 13) in base 16?
-f7
100 (base 4) to base 11
15
Convert 34 (base 10) to base 5.
114
What is -71 (base 15) in base 6?
-254
What is -257 (base 10) in base 9?
-315
What is -14 (base 10) in base 6?
-22
Convert 5 (base 9) to base 10.
5
100 (base 9) to base 13
63
What is -36 (base 7) in base 10?
-27
-10101001 (base 2) to base 10
-169
-19 (base 16) to base 15
-1a
39 (base 13) to base 6
120
45 (base 15) to base 2
1000001
-1101 (base 5) to base 15
-a1
Convert 74 (base 10) to base 8.
112
What is -11 (base 2) in base 10?
-3
Convert 213 (base 6) to base 9.
100
Convert 0 (base 10) to base 16.
0
142 (base 13) to base 3
22021
What is 10 (base 14) in base 3?
112
What is -8 (base 15) in base 2?
-1000
-1 (base 10) to base 7
-1
10 (base 10) to base 6
14
-520 (base 6) to base 3
-21010
Convert 3 (base 16) to base 3.
10
What is 2 (base 6) in base 16?
2
Convert -3 (base 14) to base 6.
-3
-5 (base 6) to base 5
-10
What is 204 (base 9) in base 14?
bc
What is -175 (base 9) in base 12?
-105
2 (base 10) to base 9
2
-222 (base 3) to base 14
-1c
1 (base 2) to base 7
1
Convert 2 (base 8) to base 9.
2
Convert 42 (base 9) to base 15.
28
What is 17 (base 11) in base 7?
24
-1020 (base 4) to base 5
-242
What is -7 (base 11) in base 13?
-7
-23 (base 5) to base 3
-111
What is 10120 (base 3) in base 14?
6c
-4 (base 10) to base 16
-4
What is 10 (base 6) in base 14?
6
What is -5 (base 13) in base 5?
-10
Convert 2 (base 7) to base 15.
2
What is 101 (base 2) in base 3?
12
What is 1c (base 16) in base 12?
24
100 (base 7) to base 12
41
0 (base 11) to base 8
0
-23 (base 4) to base 12
-b
Convert -10 (base 5) to base 3.
-12
Convert 27 (base 15) to base 12.
31
Convert 10333 (base 4) to base 6.
1251
Convert -10 (base 7) to base 12.
-7
-22 (base 11) to base 3
-220
-3 (base 16) to base 5
-3
Convert -4 (base 14) to base 8.
-4
What is -11 (base 11) in base 13?
-c
1 (base 12) to base 14
1
Convert 3 (base 10) to base 9.
3
-1243 (base 6) to base 15
-160
Convert 15 (base 8) to base 14.
d
82 (base 13) to base 15
71
Convert 1 (base 10) to base 13.
1
Convert 10 (base 2) to base 7.
2
Convert 16 (base 7) to base 8.
15
Convert 4 (base 5) to base 9.
4
Convert 1b (base 16) to base 13.
21
What is 43 (base 13) in base 14?
3d
Convert -87 (base 11) to base 4.
-1133
What is 203 (base 5) in base 13?
41
-110 (base 2) to base 13
-6
8 (base 14) to base 10
8
-11 (base 6) to base 14
-7
Convert -10 (base 5) to base 9.
-5
3 (base 12) to base 16
3
Convert -15 (base 13) to base 12.
-16
Convert 68 (base 14) to base 9.
112
What is 150 (base 6) in base 8?
102
What is -d (base 15) in base 4?
-31
Convert -c (base 15) to base 12.
-10
168 (base 9) to base 12
bb
What is -1 (base 4) in base 5?
-1
What is -10012 (base 3) in base 13?
-68
1 (base 11) to base 12
1
What is -102 (base 3) in base 16?
-b
What is -4 (base 14) in base 10?
-4
Convert -22 (base 13) to base 4.
-130
What is -16 (base 7) in base 5?
-23
13 (base 6) to base 7
12
-1101 (base 2) to base 3
-111
Convert 8 (base 15) to base 10.
8
What is 6 (base 15) in base 7?
6
What is 22 (base 8) in base 3?
200
Convert 175 (base 8) to base 15.
85
What is -46 (base 8) in base 6?
-102
What is -3 (base 10) in base 14?
-3
What is 10 (base 4) in base 13?
4
Convert 151 (base 10) to base 8.
227
Convert 1 (base 2) to base 11.
1
Convert 12 (base 3) to base 6.
5
Convert 0 (base 13) to base 9.
0
What is 6 (base 11) in base 12?
6
What is -104 (base 5) in base 13?
-23
4 (base 11) to base 3
11
What is 1b (base 14) in base 5?
100
-1 (base 2) to base 8
-1
102 (base 7) to base 14
39
Convert 20 (base 7) to base 2.
1110
-2 (base 6) to base 16
-2
Convert 2 (base 6) to base 13.
2
-8 (base 11) to base 8
-10
Convert 211 (base 7) to base 13.
82
What is 10 (base 3) in base 9?
3
0 (base 4) to base 3
0
What is 1 (base 8) in base 4?
1
Convert 1 (base 5) to base 12.
1
Convert -9 (base 13) to base 15.
-9
What is 1 (base 4) in base 10?
1
What is 26 (base 13) in base 7?
44
What is -3 (base 5) in base 9?
-3
Convert 2 (base 15) to base 14.
2
-3c (base 13) to base 3
-1220
Convert -7 (base 16) to base 8.
-7
Convert -b (base 12) to base 3.
-102
-1 (base 9) to base 12
-1
Convert 137 (base 8) to base 12.
7b
Convert -3 (base 12) to base 10.
-3
What is -80 (base 10) in base 12?
-68
What is 0 (base 7) in base 14?
0
What is -13 (base 12) in base 13?
-12
Convert 303 (base 4) to base 12.
43
What is 6 (base 11) in base 3?
20
What is -11 (base 12) in base 3?
-111
What is -23 (base 4) in base 3?
-102
Convert -20 (base 3) to base 12.
-6
What is 25 (base 10) in base 13?
1c
What is -176 (base 11) in base 13?
-129
Convert -1 (base 13) to base 6.
-1
What is -5a (base 13) in base 14?
-55
0 (base 3) to base 12
0
Convert -154 (base 11) to base 4.
-2310
1 (base 14) to base 9
1
-19 (base 16) to base 2
-11001
203 (base 7) to base 11
92
What is -74 (base 10) in base 2?
-1001010
Convert -3c (base 14) to base 10.
-54
-17 (base 11) to base 15
-13
What is 22 (base 4) in base 12?
a
What is 221 (base 3) in base 5?
100
-3 (base 12) to base 13
-3
-4 (base 12) to base 2
-100
Convert 3a (base 16) to base 2.
111010
b (base 13) to base 6
15
What is 112 (base 4) in base 6?
34
What is -2 (base 14) in base 7?
-2
-2 (base 15) to base 2
-10
Convert 131 (base 4) to base 11.
27
Convert 10 (base 2) to base 13.
2
Convert 0 (base 9) to base 12.
0
Convert -10120 (base 3) to base 8.
-140
What is -1010110 (base 2) in base 4?
-1112
What is -b (base 15) in base 16?
-b
Convert 2102 (base 3) to base 9.
72
What is 0 (base 9) in base 15?
0
What is 11 (base 9) in base 3?
101
-2c (base 13) to base 12
-32
-50 (base 16) to base 12
-68
11 (base 7) to base 6
12
What is -3 (base 10) in base 7?
-3
15 (base 13) to base 8
22
What is -10 (base 3) in base 13?
-3
What is 2 (base 6) in base 2?
10
What is 1 (base 4) in base 13?
1
0 (base 13) to base 5
0
-5 (base 11) to base 5
-10
-6 (base 12) to base 10
-6
Convert 1 (base 9) to base 8.
1
117 (base 8) to base 6
211
Convert 3 (base 16) to base 11.
3
-1 (base 10) to base 9
-1
-40 (base 6) to base 8
-30
-3 (base 13) to base 9
-3
What is -151 (base 7) in base 6?
-221
What is -2a (base 15) in base 13?
-31
Convert -1 (base 13) to base 4.
-1
-1 (base 8) to base 3
-1
What is -10 (base 5) in base 6?
-5
What is 2 (base 4) in base 9?
2
Convert 1103 (base 5) to base 9.
180
Convert 2 (base 9) to base 12.
2
What is 3 (base 15) in base 2?
11
Convert -115 (base 6) to base 8.
-57
-ac (base 16) to base 7
-334
Convert 34 (base 8) to base 14.
20
9 (base 15) to base 5
14
-5 (base 15) to base 2
-101
Convert 5 (base 15) to base 3.
12
Convert -2 (base 15) to base 11.
-2
Convert 0 (base 6) to base 4.
0
What is 0 (base 9) in base 16?
0
c (base 14) to base 10
12
What is -10011010 (base 2) in base 12?
-10a
What is -104 (base 10) in base 7?
-206
Convert 11 (base 3) to base 5.
4
What is 3a (base 11) in base 7?
61
Convert -39 (base 10) to base 2.
-100111
Convert -4 (base 6) to base 16.
-4
Convert -17 (base 11) to base 12.
-16
Convert -40 (base 7) to base 12.
-24
Convert -2 (base 5) to base 16